 factor of 27808 and 537856.
352
What is the highest common factor of 28 and 940336?
4
Calculate the highest common factor of 314685 and 11840.
185
What is the greatest common factor of 2392 and 89286782?
598
Calculate the greatest common factor of 532908 and 22401.
1179
What is the highest common divisor of 882369410 and 104?
26
Calculate the greatest common divisor of 4365 and 195345.
45
Calculate the highest common divisor of 4796219 and 23215.
4643
Calculate the highest common factor of 38700 and 1980700.
100
Calculate the highest common factor of 2296 and 158146184.
2296
Calculate the greatest common divisor of 22140 and 34245045.
5535
What is the greatest common factor of 539 and 252377734?
49
Calculate the greatest common factor of 200360174 and 581.
581
What is the greatest common divisor of 3339797248 and 3296?
3296
What is the greatest common divisor of 21240 and 4614744?
1416
What is the highest common factor of 2014560 and 103526?
2798
What is the highest common divisor of 6 and 112075926?
6
What is the greatest common divisor of 2898 and 15791013?
63
Calculate the highest common factor of 3502 and 2346752.
206
Calculate the greatest common factor of 19462053 and 195.
39
Calculate the greatest common divisor of 10712091 and 1812.
453
What is the greatest common divisor of 104 and 33217483?
13
What is the greatest common divisor of 135434 and 5694?
26
Calculate the highest common factor of 24011825 and 310.
155
Calculate the greatest common factor of 3269560 and 245560.
280
What is the highest common factor of 419 and 163865453?
419
Calculate the greatest common divisor of 2597396 and 544.
68
Calculate the highest common divisor of 10820 and 350407864.
2164
Calculate the highest common divisor of 8517304 and 8.
8
What is the highest common factor of 284 and 164004178?
142
What is the highest common factor of 38304 and 18753?
399
What is the highest common divisor of 6 and 39727134?
6
What is the greatest common factor of 11681575 and 2325?
775
Calculate the greatest common divisor of 5404156 and 20.
4
What is the highest common divisor of 5955333 and 2739?
249
What is the highest common divisor of 13897 and 152373?
13
What is the highest common divisor of 90053865 and 1980?
495
What is the greatest common divisor of 290880 and 25860?
60
What is the highest common factor of 30788358 and 37590?
1074
Calculate the greatest common divisor of 13108 and 6010192.
116
Calculate the highest common divisor of 99538 and 834926.
314
Calculate the highest common divisor of 8538292 and 57340.
244
What is the greatest common factor of 506 and 141286079?
253
What is the greatest common factor of 98671168 and 34304?
4288
Calculate the greatest common divisor of 202904146 and 69566.
9938
Calculate the highest common divisor of 3072 and 18707424.
96
Calculate the greatest common factor of 66 and 693843381.
33
Calculate the greatest common divisor of 1121697 and 6057.
9
Calculate the greatest common factor of 137685 and 552795.
2055
What is the highest common divisor of 48 and 200683632?
48
Calculate the highest common factor of 763 and 126889.
7
What is the greatest common factor of 432 and 18543996?
36
Calculate the greatest common divisor of 57770 and 1406754.
218
Calculate the highest common divisor of 235260 and 192.
12
What is the highest common factor of 5852 and 597646?
14
What is the greatest common divisor of 2384 and 8912882?
298
What is the greatest common divisor of 48 and 181091904?
48
Calculate the highest common factor of 242 and 368518326.
242
Calculate the highest common factor of 6485637 and 2627.
71
Calculate the highest common divisor of 79975 and 18025.
175
What is the highest common divisor of 10643816 and 84254?
818
What is the greatest common factor of 210307 and 13693585?
2363
Calculate the greatest common factor of 1841 and 127459794.
1841
What is the highest common factor of 10754375 and 10?
5
What is the highest common factor of 4540477 and 496?
31
What is the greatest common divisor of 13091858 and 2100176?
11414
Calculate the greatest common divisor of 57926034 and 3122.
446
What is the greatest common factor of 899212 and 7528159?
5483
What is the highest common factor of 47 and 189872057?
47
What is the greatest common factor of 236820 and 160?
20
Calculate the greatest common factor of 2469152 and 392.
56
Calculate the greatest common factor of 1439709 and 9.
3
What is the highest common divisor of 128619 and 12?
3
Calculate the highest common divisor of 291807026 and 14.
14
Calculate the highest common divisor of 11390523 and 354.
3
Calculate the highest common factor of 62 and 145561430.
62
What is the highest common divisor of 1303015 and 39235?
2065
Calculate the greatest common factor of 8215 and 127565.
155
Calculate the greatest common factor of 54 and 11834721.
27
What is the greatest common divisor of 2 and 76699717?
1
Calculate the highest common divisor of 75153 and 670878.
1833
What is the highest common divisor of 9984 and 10978560?
768
What is the highest common divisor of 11676 and 113344?
28
What is the greatest common factor of 4110 and 41171514?
822
What is the greatest common factor of 79218238 and 10384?
1298
What is the greatest common divisor of 41164 and 237144?
164
What is the highest common divisor of 17395 and 486815?
245
Calculate the greatest common factor of 2292039 and 17649.
333
Calculate the highest common factor of 150 and 8696670.
30
What is the highest common factor of 4899 and 2039617?
1633
What is the highest common divisor of 127649632 and 16?
16
Calculate the highest common divisor of 143044 and 528418.
22
What is the highest common divisor of 3783663 and 146?
73
What is the highest common factor of 292338 and 907261?
149
What is the greatest common divisor of 406371 and 1113?
21
Calculate the highest common factor of 52407138 and 126.
42
Calculate the greatest common divisor of 466684 and 68.
68
What is the highest common factor of 5 and 5117565?
5
What is the highest common factor of 2926 and 537368678?
2926
Calculate the greatest common divisor of 7965 and 119583855.
2655
Calculate the highest common factor of 848786 and 73.
1
What is the highest common factor of 11394812 and 220?
44
Calculate the highest common divisor of 4382147 and 693.
77
What is the greatest common divisor of 125039 and 4579?
19
Calculate the highest common divisor of 3721904 and 75184.
592
What is the greatest common divisor of 191594268 and 864?
108
Calculate the highest common factor of 4928 and 3859504.
176
What is the greatest common factor of 71852 and 1963718?
142
Calculate the greatest common factor of 36 and 135364302.
18
What is the highest common factor of 52 and 133651232?
52
What is the greatest common factor of 64 and 2177123712?
64
What is the greatest common divisor of 109117 and 2489?
19
What is the highest common divisor of 5309499 and 12426?
327
Calculate the greatest common factor of 3264498 and 90.
18
What is the highest common divisor of 146068 and 2130388?
2756
What is the greatest common divisor of 63947 and 10764?
13
Calculate the greatest common factor of 120921614 and 526.
526
What is the highest common divisor of 2049 and 265135819?
683
Calculate the greatest common divisor of 62456488 and 232.
232
Calculate the highest common divisor of 403 and 6862594.
31
Calculate the greatest common divisor of 132 and 7704708.
132
Calculate the greatest common factor of 23022080 and 37145.
1955
What is the highest common factor of 7453113 and 124?
31
Calculate the highest common divisor of 2604 and 426684.
372
Calculate the highest common divisor of 224 and 20614538.
14
Calculate the greatest common factor of 383 and 2349526139.
383
Calculate the highest common factor of 11 and 152418519.
11
Calculate the highest common factor of 7286574 and 918.
102
What is the highest common divisor of 7251960 and 552?
24
Calculate the greatest common factor of 1437443 and 994.
7
What is the greatest common divisor of 1535655 and 28905?
615
Calculate the highest common factor of 4688 and 15083933.
293
Calculate the highest common divisor of 3540 and 12204480.
60
Calculate the highest common divisor of 95868 and 1260.
36
What is the greatest common factor of 31117 and 122063?
37
What is the greatest co